{"id":138,"date":"2019-06-06T15:47:03","date_gmt":"2019-06-06T15:47:03","guid":{"rendered":"https:\/\/stores.myearwaves.com\/?page_id=138"},"modified":"2020-09-30T13:00:22","modified_gmt":"2020-09-30T13:00:22","slug":"home","status":"publish","type":"page","link":"https:\/\/myearwaves.com\/community\/","title":{"rendered":"Programas de colaboraci\u00f3n"},"content":{"rendered":"<div class=\"fusion-fullwidth fullwidth-box fusion-builder-row-1 hundred-percent-fullwidth non-hundred-percent-height-scrolling fusion-equal-height-columns\" style=\"background-color: rgba(255,255,255,0);background-position: left top;background-repeat: no-repeat;padding-top:0px;padding-right:0px;padding-bottom:0px;padding-left:0px;border-width: 0px 0px 0px 0px;border-color:#eae9e9;border-style:solid;\" ><div class=\"fusion-builder-row fusion-row\"><div class=\"fusion-layout-column fusion_builder_column fusion-builder-column-0 fusion_builder_column_1_2 1_2 fusion-one-half fusion-column-first fusion-column-no-min-height fusion-column-inner-bg-wrapper\" style=\"margin-top:0px;margin-bottom:0px;\"><div class=\"fusion-column-wrapper fusion-flex-column-wrapper-legacy\" style=\"padding: 30% 20px 30% 20px;\" data-bg-url=\"https:\/\/myearwaves.com\/community\/wp-content\/uploads\/2019\/06\/alora-griffiths-768420-unsplash-1024x683.jpg\"><div class=\"fusion-column-content-centered\"><div class=\"fusion-column-content\"><div class=\"fusion-text fusion-text-1\"><h2 style=\"font-size: 40px; text-align: center; margin-bottom: .5em;\"><span style=\"color: #ffffff;\">Boxes<\/span><\/h2>\n<\/div><div class=\"fusion-text fusion-text-2\"><p style=\"text-align: center; margin: 0 auto; display: block; max-width: 70%; margin-bottom: 20px;\"><span style=\"color: #ffffff;\">\u00bfTienes un Box y te gustar\u00eda colaborar con nosotros? <b>\u00abEarwaves Boxes program\u00bb<\/b> es un programa \u00fanico destinado a boxes.<\/span><\/p>\n<\/div><div class=\"fusion-sep-clear\"><\/div><div class=\"fusion-separator fusion-full-width-sep\" style=\"margin-left: auto;margin-right: auto;margin-top:10px;width:100%;\"><\/div><div class=\"fusion-sep-clear\"><\/div><div class=\"fusion-aligncenter\"><style>.fusion-button.button-1{border-color:#ffffff;border-radius:25px 25px 25px 25px;background:#42a1ec;background-image:linear-gradient(180deg,#42a1ec 0%,#0070c9 100%);}.fusion-button.button-1 .fusion-button-text,.fusion-button.button-1 i,.fusion-button.button-1:hover .fusion-button-text,.fusion-button.button-1:hover i,.fusion-button.button-1:focus .fusion-button-text,.fusion-button.button-1:focus i,.fusion-button.button-1:active .fusion-button-text,.fusion-button.button-1:active i{color:#ffffff;}.fusion-button.button-1:hover,.fusion-button.button-1:active,.fusion-button.button-1:focus{border-color:#ffffff;background:#0070c9;}<\/style><a class=\"fusion-button button-flat fusion-button-default-size button-custom button-1 fusion-button-default-span fusion-button-default-type presence\" target=\"_self\" href=\"https:\/\/stores.myearwaves.com\/boxes-program\/\"><span class=\"fusion-button-text\">Ver m\u00e1s<\/span><\/a><\/div><\/div><\/div><div class=\"fusion-clearfix\"><\/div><\/div><span class=\"fusion-column-inner-bg hover-type-zoomin\"><a class=\"fusion-column-anchor\" href=\"https:\/\/myearwaves.com\/community\/boxes-program\/\"><span class=\"fusion-column-inner-bg-image lazyload\" style=\"background-color:rgba(0,8,242,0.6);background-position:center center;background-blend-mode: overlay;background-repeat:no-repeat;-webkit-background-size:cover;-moz-background-size:cover;-o-background-size:cover;background-size:cover;\" data-bg=\"https:\/\/myearwaves.com\/community\/wp-content\/uploads\/2019\/06\/alora-griffiths-768420-unsplash-1024x683.jpg\"><\/span><\/a><\/span><\/div><div class=\"fusion-layout-column fusion_builder_column fusion-builder-column-1 fusion_builder_column_1_2 1_2 fusion-one-half fusion-column-last fusion-column-no-min-height fusion-column-inner-bg-wrapper\" style=\"margin-top:0px;margin-bottom:0px;\"><div class=\"fusion-column-wrapper fusion-flex-column-wrapper-legacy\" style=\"padding: 30% 20px 30% 20px;\" data-bg-url=\"https:\/\/myearwaves.com\/community\/wp-content\/uploads\/2019\/06\/Dise\u00f1o-sin-t\u00edtulo-1024x576.jpg\"><div class=\"fusion-column-content-centered\"><div class=\"fusion-column-content\"><div class=\"fusion-text fusion-text-3\"><h2 style=\"font-size: 40px; text-align: center; margin-bottom: .5em;\"><span style=\"color: #ffffff;\">Colaboradores<\/span><\/h2>\n<\/div><div class=\"fusion-text fusion-text-4\"><p style=\"text-align: center; margin: 0 auto; display: block; max-width: 70%; margin-bottom: 20px;\"><span style=\"color: #ffffff;\">Buscamos atletas, coaches, divulgadores y gente del mundillo con ganas de hacer cosas. Inf\u00f3rmate aqu\u00ed y cont\u00e1ctcanos si se te ocurre algo \ud83d\ude09<\/span><\/p>\n<\/div><div class=\"fusion-sep-clear\"><\/div><div class=\"fusion-separator fusion-full-width-sep\" style=\"margin-left: auto;margin-right: auto;margin-top:10px;width:100%;\"><\/div><div class=\"fusion-sep-clear\"><\/div><div class=\"fusion-aligncenter\"><style>.fusion-button.button-2{border-color:#ffffff;border-radius:25px 25px 25px 25px;background:#42a1ec;background-image:linear-gradient(180deg,#42a1ec 0%,#0070c9 100%);}.fusion-button.button-2 .fusion-button-text,.fusion-button.button-2 i,.fusion-button.button-2:hover .fusion-button-text,.fusion-button.button-2:hover i,.fusion-button.button-2:focus .fusion-button-text,.fusion-button.button-2:focus i,.fusion-button.button-2:active .fusion-button-text,.fusion-button.button-2:active i{color:#ffffff;}.fusion-button.button-2:hover,.fusion-button.button-2:active,.fusion-button.button-2:focus{border-color:#ffffff;background:#0070c9;}<\/style><a class=\"fusion-button button-flat fusion-button-default-size button-custom button-2 fusion-button-default-span fusion-button-default-type presence\" target=\"_self\" href=\"https:\/\/stores.myearwaves.com\/boxes-program\/\"><span class=\"fusion-button-text\">Ver m\u00e1s<\/span><\/a><\/div><\/div><\/div><div class=\"fusion-clearfix\"><\/div><\/div><span class=\"fusion-column-inner-bg hover-type-zoomin\"><a class=\"fusion-column-anchor\" href=\"https:\/\/myearwaves.com\/community\/earwaves-partners-program\/\"><span class=\"fusion-column-inner-bg-image lazyload\" style=\"background-color:rgba(0,0,0,0.6);background-position:center center;background-blend-mode: overlay;background-repeat:no-repeat;-webkit-background-size:cover;-moz-background-size:cover;-o-background-size:cover;background-size:cover;\" data-bg=\"https:\/\/myearwaves.com\/community\/wp-content\/uploads\/2019\/06\/Dise\u00f1o-sin-t\u00edtulo-1024x576.jpg\"><\/span><\/a><\/span><\/div><\/div><\/div>\n","protected":false},"excerpt":{"rendered":"","protected":false},"author":1,"featured_media":0,"parent":0,"menu_order":0,"comment_status":"closed","ping_status":"closed","template":"100-width.php","meta":[],"yoast_head":"<!-- This site is optimized with the Yoast SEO plugin v18.1 - https:\/\/yoast.com\/wordpress\/plugins\/seo\/ -->\n<title>Colabora con nosotros - Earwaves<\/title>\n<meta name=\"description\" content=\"Colabora como box, como atleta, coach, divulgador o como apasionado del Crossfit con nosotros. Echa un vistazo a nuestros programas.\" \/>\n<meta name=\"robots\" content=\"index, follow, max-snippet:-1, max-image-preview:large, max-video-preview:-1\" \/>\n<link rel=\"canonical\" href=\"https:\/\/myearwaves.com\/community\/\" \/>\n<meta property=\"og:locale\" content=\"es_ES\" \/>\n<meta property=\"og:type\" content=\"article\" \/>\n<meta property=\"og:title\" content=\"Colabora con nosotros - Earwaves\" \/>\n<meta property=\"og:description\" content=\"Colabora como box, como atleta, coach, divulgador o como apasionado del Crossfit con nosotros. Echa un vistazo a nuestros programas.\" \/>\n<meta property=\"og:url\" content=\"https:\/\/myearwaves.com\/community\/\" \/>\n<meta property=\"og:site_name\" content=\"Earwaves - Rompe tu zona de confort\" \/>\n<meta property=\"article:modified_time\" content=\"2020-09-30T13:00:22+00:00\" \/>\n<meta name=\"twitter:card\" content=\"summary_large_image\" \/>\n<meta name=\"twitter:label1\" content=\"Tiempo de lectura\" \/>\n\t<meta name=\"twitter:data1\" content=\"4 minutos\" \/>\n<script type=\"application\/ld+json\" class=\"yoast-schema-graph\">{\"@context\":\"https:\/\/schema.org\",\"@graph\":[{\"@type\":\"WebSite\",\"@id\":\"https:\/\/myearwaves.com\/community\/#website\",\"url\":\"https:\/\/myearwaves.com\/community\/\",\"name\":\"Earwaves - Rompe tu zona de confort\",\"description\":\"Los mejores productos de CrossFit en Earwaves. Innovaci\u00f3n y calidad. Env\u00edos y devoluciones gratis 24h.\",\"potentialAction\":[{\"@type\":\"SearchAction\",\"target\":{\"@type\":\"EntryPoint\",\"urlTemplate\":\"https:\/\/myearwaves.com\/community\/?s={search_term_string}\"},\"query-input\":\"required name=search_term_string\"}],\"inLanguage\":\"es\"},{\"@type\":\"WebPage\",\"@id\":\"https:\/\/myearwaves.com\/community\/#webpage\",\"url\":\"https:\/\/myearwaves.com\/community\/\",\"name\":\"Colabora con nosotros - Earwaves\",\"isPartOf\":{\"@id\":\"https:\/\/myearwaves.com\/community\/#website\"},\"datePublished\":\"2019-06-06T15:47:03+00:00\",\"dateModified\":\"2020-09-30T13:00:22+00:00\",\"description\":\"Colabora como box, como atleta, coach, divulgador o como apasionado del Crossfit con nosotros. Echa un vistazo a nuestros programas.\",\"breadcrumb\":{\"@id\":\"https:\/\/myearwaves.com\/community\/#breadcrumb\"},\"inLanguage\":\"es\",\"potentialAction\":[{\"@type\":\"ReadAction\",\"target\":[\"https:\/\/myearwaves.com\/community\/\"]}]},{\"@type\":\"BreadcrumbList\",\"@id\":\"https:\/\/myearwaves.com\/community\/#breadcrumb\",\"itemListElement\":[{\"@type\":\"ListItem\",\"position\":1,\"name\":\"Home\",\"item\":\"https:\/\/myearwaves.com\/community\/\"},{\"@type\":\"ListItem\",\"position\":2,\"name\":\"Programas de colaboraci\u00f3n\"}]}]}<\/script>\n<!-- \/ Yoast SEO plugin. -->","yoast_head_json":{"title":"Colabora con nosotros - Earwaves","description":"Colabora como box, como atleta, coach, divulgador o como apasionado del Crossfit con nosotros. Echa un vistazo a nuestros programas.","robots":{"index":"index","follow":"follow","max-snippet":"max-snippet:-1","max-image-preview":"max-image-preview:large","max-video-preview":"max-video-preview:-1"},"canonical":"https:\/\/myearwaves.com\/community\/","og_locale":"es_ES","og_type":"article","og_title":"Colabora con nosotros - Earwaves","og_description":"Colabora como box, como atleta, coach, divulgador o como apasionado del Crossfit con nosotros. Echa un vistazo a nuestros programas.","og_url":"https:\/\/myearwaves.com\/community\/","og_site_name":"Earwaves - Rompe tu zona de confort","article_modified_time":"2020-09-30T13:00:22+00:00","twitter_card":"summary_large_image","twitter_misc":{"Tiempo de lectura":"4 minutos"},"schema":{"@context":"https:\/\/schema.org","@graph":[{"@type":"WebSite","@id":"https:\/\/myearwaves.com\/community\/#website","url":"https:\/\/myearwaves.com\/community\/","name":"Earwaves - Rompe tu zona de confort","description":"Los mejores productos de CrossFit en Earwaves. Innovaci\u00f3n y calidad. Env\u00edos y devoluciones gratis 24h.","potentialAction":[{"@type":"SearchAction","target":{"@type":"EntryPoint","urlTemplate":"https:\/\/myearwaves.com\/community\/?s={search_term_string}"},"query-input":"required name=search_term_string"}],"inLanguage":"es"},{"@type":"WebPage","@id":"https:\/\/myearwaves.com\/community\/#webpage","url":"https:\/\/myearwaves.com\/community\/","name":"Colabora con nosotros - Earwaves","isPartOf":{"@id":"https:\/\/myearwaves.com\/community\/#website"},"datePublished":"2019-06-06T15:47:03+00:00","dateModified":"2020-09-30T13:00:22+00:00","description":"Colabora como box, como atleta, coach, divulgador o como apasionado del Crossfit con nosotros. Echa un vistazo a nuestros programas.","breadcrumb":{"@id":"https:\/\/myearwaves.com\/community\/#breadcrumb"},"inLanguage":"es","potentialAction":[{"@type":"ReadAction","target":["https:\/\/myearwaves.com\/community\/"]}]},{"@type":"BreadcrumbList","@id":"https:\/\/myearwaves.com\/community\/#breadcrumb","itemListElement":[{"@type":"ListItem","position":1,"name":"Home","item":"https:\/\/myearwaves.com\/community\/"},{"@type":"ListItem","position":2,"name":"Programas de colaboraci\u00f3n"}]}]}},"_links":{"self":[{"href":"https:\/\/myearwaves.com\/community\/wp-json\/wp\/v2\/pages\/138"}],"collection":[{"href":"https:\/\/myearwaves.com\/community\/wp-json\/wp\/v2\/pages"}],"about":[{"href":"https:\/\/myearwaves.com\/community\/wp-json\/wp\/v2\/types\/page"}],"author":[{"embeddable":true,"href":"https:\/\/myearwaves.com\/community\/wp-json\/wp\/v2\/users\/1"}],"replies":[{"embeddable":true,"href":"https:\/\/myearwaves.com\/community\/wp-json\/wp\/v2\/comments?post=138"}],"version-history":[{"count":22,"href":"https:\/\/myearwaves.com\/community\/wp-json\/wp\/v2\/pages\/138\/revisions"}],"predecessor-version":[{"id":1699,"href":"https:\/\/myearwaves.com\/community\/wp-json\/wp\/v2\/pages\/138\/revisions\/1699"}],"wp:attachment":[{"href":"https:\/\/myearwaves.com\/community\/wp-json\/wp\/v2\/media?parent=138"}],"curies":[{"name":"wp","href":"https:\/\/api.w.org\/{rel}","templated":true}]}}